{"id":9,"date":"2008-05-18T15:56:03","date_gmt":"2008-05-18T13:56:03","guid":{"rendered":"http:\/\/planwerkstatt-bayreuth.de\/cms\/?page_id=9"},"modified":"2016-01-25T10:11:23","modified_gmt":"2016-01-25T09:11:23","slug":"posterdruck","status":"publish","type":"page","link":"https:\/\/www.planwerkstatt-bayreuth.de\/cms\/leistungen\/posterdruck\/","title":{"rendered":"Posterdruck"},"content":{"rendered":"<p><!--StartFragment--><\/p>\n<p style=\"text-align: left;\">Auf speziellen Fotopapieren in den Qualit\u00e4ten Glossy\u00a0oder<a href=\"https:\/\/www.planwerkstatt-bayreuth.de\/cms\/wp-content\/uploads\/2008\/08\/p8076206_250.jpg\"><img loading=\"lazy\" decoding=\"async\" class=\"alignright alignnone size-medium wp-image-29\" style=\"float: right;\" title=\"Posterdruck\" src=\"https:\/\/www.planwerkstatt-bayreuth.de\/cms\/wp-content\/uploads\/2008\/08\/p8076206_250.jpg\" alt=\"Posterdruck in der Planwerkstatt\" width=\"250\" height=\"188\" \/><\/a>\u00a0semi-matt finden Ihre\u00a0Fotos\u00a0geb\u00fchrende Anerkennung. Wir drucken bis zu einer Breite von 1,067 Metern und nahezu\u00a0beliebiger L\u00e4nge. Somit wird jedes Foto zum Erlebnis. Ebenso ist es m\u00f6glich, besondere Schnappsch\u00fcsse drucken zu lassen. Bitte sprechen Sie dies mit uns ab, denn je nach Materialst\u00e4rke kommt es hier zu Preisunterschieden. Wir beraten Sie gern \u00fcber die zahlreichen M\u00f6glichkeiten der Materialauswahl, um Ihr Motiv optimal zur Geltung zu bringen.<\/p>\n<p><!--EndFragment--><\/p>\n","protected":false},"excerpt":{"rendered":"<p>Auf speziellen Fotopapieren in den Qualit\u00e4ten Glossy\u00a0oder\u00a0semi-matt finden Ihre\u00a0Fotos\u00a0geb\u00fchrende Anerkennung. Wir drucken bis zu einer Breite von 1,067 Metern und nahezu\u00a0beliebiger L\u00e4nge. Somit wird jedes Foto zum Erlebnis. Ebenso ist es m\u00f6glich, besondere Schnappsch\u00fcsse drucken zu lassen. Bitte sprechen Sie dies mit uns ab, denn je nach Materialst\u00e4rke kommt es hier zu Preisunterschieden. Wir beraten [&hellip;]<\/p>\n","protected":false},"author":1,"featured_media":0,"parent":8,"menu_order":0,"comment_status":"closed","ping_status":"closed","template":"","meta":{"footnotes":""},"_links":{"self":[{"href":"https:\/\/www.planwerkstatt-bayreuth.de\/cms\/wp-json\/wp\/v2\/pages\/9"}],"collection":[{"href":"https:\/\/www.planwerkstatt-bayreuth.de\/cms\/wp-json\/wp\/v2\/pages"}],"about":[{"href":"https:\/\/www.planwerkstatt-bayreuth.de\/cms\/wp-json\/wp\/v2\/types\/page"}],"author":[{"embeddable":true,"href":"https:\/\/www.planwerkstatt-bayreuth.de\/cms\/wp-json\/wp\/v2\/users\/1"}],"replies":[{"embeddable":true,"href":"https:\/\/www.planwerkstatt-bayreuth.de\/cms\/wp-json\/wp\/v2\/comments?post=9"}],"version-history":[{"count":1,"href":"https:\/\/www.planwerkstatt-bayreuth.de\/cms\/wp-json\/wp\/v2\/pages\/9\/revisions"}],"predecessor-version":[{"id":81,"href":"https:\/\/www.planwerkstatt-bayreuth.de\/cms\/wp-json\/wp\/v2\/pages\/9\/revisions\/81"}],"up":[{"embeddable":true,"href":"https:\/\/www.planwerkstatt-bayreuth.de\/cms\/wp-json\/wp\/v2\/pages\/8"}],"wp:attachment":[{"href":"https:\/\/www.planwerkstatt-bayreuth.de\/cms\/wp-json\/wp\/v2\/media?parent=9"}],"curies":[{"name":"wp","href":"https:\/\/api.w.org\/{rel}","templated":true}]}}