{"id":10,"date":"2008-05-18T15:57:37","date_gmt":"2008-05-18T13:57:37","guid":{"rendered":"http:\/\/planwerkstatt-bayreuth.de\/cms\/?page_id=10"},"modified":"2024-11-04T11:54:01","modified_gmt":"2024-11-04T10:54:01","slug":"unterstutzte-datenformate","status":"publish","type":"page","link":"https:\/\/www.planwerkstatt-bayreuth.de\/cms\/leistungen\/unterstutzte-datenformate\/","title":{"rendered":"Unterst\u00fctzte Datenformate"},"content":{"rendered":"<p>Wer zu den Besten geh\u00f6ren will darf keine Kompromisse machen. Wir k\u00f6nnen fast jedes Datenformat konvertieren und bearbeiten. Am liebsten sind uns jedoch pdf-Dateien, HPGL \/HPGL2, PLT, PRN und TIF-Dateien. Sie d\u00fcrfen jedoch auch gerne mit jedem anderen Datenformat an uns herantreten. Wir beraten Sie gerne und stimmen gegebenenfalls individuelle L\u00f6sungen mit Ihnen ab.<\/p>\n","protected":false},"excerpt":{"rendered":"<p>Wer zu den Besten geh\u00f6ren will darf keine Kompromisse machen. Wir k\u00f6nnen fast jedes Datenformat konvertieren und bearbeiten. Am liebsten sind uns jedoch pdf-Dateien, HPGL \/HPGL2, PLT, PRN und TIF-Dateien. Sie d\u00fcrfen jedoch auch gerne mit jedem anderen Datenformat an uns herantreten. Wir beraten Sie gerne und stimmen gegebenenfalls individuelle L\u00f6sungen mit Ihnen ab.<\/p>\n","protected":false},"author":1,"featured_media":0,"parent":8,"menu_order":0,"comment_status":"closed","ping_status":"closed","template":"","meta":{"footnotes":""},"_links":{"self":[{"href":"https:\/\/www.planwerkstatt-bayreuth.de\/cms\/wp-json\/wp\/v2\/pages\/10"}],"collection":[{"href":"https:\/\/www.planwerkstatt-bayreuth.de\/cms\/wp-json\/wp\/v2\/pages"}],"about":[{"href":"https:\/\/www.planwerkstatt-bayreuth.de\/cms\/wp-json\/wp\/v2\/types\/page"}],"author":[{"embeddable":true,"href":"https:\/\/www.planwerkstatt-bayreuth.de\/cms\/wp-json\/wp\/v2\/users\/1"}],"replies":[{"embeddable":true,"href":"https:\/\/www.planwerkstatt-bayreuth.de\/cms\/wp-json\/wp\/v2\/comments?post=10"}],"version-history":[{"count":1,"href":"https:\/\/www.planwerkstatt-bayreuth.de\/cms\/wp-json\/wp\/v2\/pages\/10\/revisions"}],"predecessor-version":[{"id":237,"href":"https:\/\/www.planwerkstatt-bayreuth.de\/cms\/wp-json\/wp\/v2\/pages\/10\/revisions\/237"}],"up":[{"embeddable":true,"href":"https:\/\/www.planwerkstatt-bayreuth.de\/cms\/wp-json\/wp\/v2\/pages\/8"}],"wp:attachment":[{"href":"https:\/\/www.planwerkstatt-bayreuth.de\/cms\/wp-json\/wp\/v2\/media?parent=10"}],"curies":[{"name":"wp","href":"https:\/\/api.w.org\/{rel}","templated":true}]}}